{"id":428,"date":"2019-09-23T00:51:40","date_gmt":"2019-09-23T00:51:40","guid":{"rendered":"https:\/\/gema.univasf.edu.br\/?page_id=428"},"modified":"2019-10-04T18:02:08","modified_gmt":"2019-10-04T18:02:08","slug":"cbhi-informacoes","status":"publish","type":"page","link":"https:\/\/gema.univasf.edu.br\/?page_id=428","title":{"rendered":"CBHI Informa\u00e7\u00f5es"},"content":{"rendered":"<p>O Comit\u00ea da Bacia Hidrogr\u00e1fica da Bacia do Rio Itapicuru (CBHI) foi estabelecido por decreto do&#8230;. \u00c9 um dos 14 Comit\u00eas de Bacia Hidrogr\u00e1fica (CBHs) do Estado da Bahia, &#8230;. (AJUDA NO TEXTO!!)<\/p>\n<p>Breve hist\u00f3rico de constitui\u00e7\u00e3o&#8230;<\/p>\n<p>Atua\u00e7\u00e3o e a\u00e7\u00f5es recentes&#8230;. &#8211; informa\u00e7\u00f5es mais gerais.<\/p>\n<ul>\n<li>Decreto de Cria\u00e7\u00e3o do CBHI<\/li>\n<li>Regimento Interno (\u00faltima vers\u00e3o) Aprovado em &#8230;<\/li>\n<\/ul>\n<p>7tfuytvfuyvfuyv<\/p>\n","protected":false},"excerpt":{"rendered":"<p>O Comit\u00ea da Bacia Hidrogr\u00e1fica da Bacia do Rio Itapicuru (CBHI) foi estabelecido por decreto do&#8230;. \u00c9 um dos 14 Comit\u00eas de Bacia Hidrogr\u00e1fica (CBHs) do Estado da Bahia, &#8230;. &hellip; <a class=\"readmore\" href=\"https:\/\/gema.univasf.edu.br\/?page_id=428\">Continue Reading &rarr;<\/a><\/p>\n","protected":false},"author":1,"featured_media":0,"parent":0,"menu_order":0,"comment_status":"closed","ping_status":"closed","template":"","meta":{"jetpack_post_was_ever_published":false,"footnotes":""},"jetpack_sharing_enabled":true,"jetpack_shortlink":"https:\/\/wp.me\/P8l82G-6U","_links":{"self":[{"href":"https:\/\/gema.univasf.edu.br\/index.php?rest_route=\/wp\/v2\/pages\/428"}],"collection":[{"href":"https:\/\/gema.univasf.edu.br\/index.php?rest_route=\/wp\/v2\/pages"}],"about":[{"href":"https:\/\/gema.univasf.edu.br\/index.php?rest_route=\/wp\/v2\/types\/page"}],"author":[{"embeddable":true,"href":"https:\/\/gema.univasf.edu.br\/index.php?rest_route=\/wp\/v2\/users\/1"}],"replies":[{"embeddable":true,"href":"https:\/\/gema.univasf.edu.br\/index.php?rest_route=%2Fwp%2Fv2%2Fcomments&post=428"}],"version-history":[{"count":9,"href":"https:\/\/gema.univasf.edu.br\/index.php?rest_route=\/wp\/v2\/pages\/428\/revisions"}],"predecessor-version":[{"id":520,"href":"https:\/\/gema.univasf.edu.br\/index.php?rest_route=\/wp\/v2\/pages\/428\/revisions\/520"}],"wp:attachment":[{"href":"https:\/\/gema.univasf.edu.br\/index.php?rest_route=%2Fwp%2Fv2%2Fmedia&parent=428"}],"curies":[{"name":"wp","href":"https:\/\/api.w.org\/{rel}","templated":true}]}}