{"id":457,"date":"2019-09-23T01:40:30","date_gmt":"2019-09-23T01:40:30","guid":{"rendered":"https:\/\/gema.univasf.edu.br\/?page_id=457"},"modified":"2019-11-04T12:54:06","modified_gmt":"2019-11-04T12:54:06","slug":"mocoes-e-deliberacoes-do-cbhi","status":"publish","type":"page","link":"https:\/\/gema.univasf.edu.br\/?page_id=457","title":{"rendered":"Mo\u00e7\u00f5es e Delibera\u00e7\u00f5es do CBHI"},"content":{"rendered":"\n<p>Mo\u00e7\u00f5es e Delibera\u00e7\u00f5es s\u00e3o as formas como o CBHI comunica suas decis\u00f5es. &#8230;. (AJUDA NO TEXTO) descrever um pouco mais sobre o que a ANA e o INEMA colocam sobre o assunto.<\/p>\n\n\n\n<p><strong>Mo\u00e7\u00f5es e Delibera\u00e7\u00f5es emitidas pelo CBHI (desde 2014)<\/strong> &#8211; clique no n\u00famero para visualizar o documento.<\/p>\n\n\n\n<p><\/p>\n\n\n\n<table class=\"wp-block-table aligncenter has-subtle-pale-blue-background-color has-background is-style-stripes\"><tbody><tr><td><strong>Tipo<\/strong><\/td><td><strong>N\u00famero<\/strong><\/td><td><strong>Assunto<\/strong><\/td><\/tr><tr><td>Delibera\u00e7\u00e3o<\/td><td><a href=\"https:\/\/gema.univasf.edu.br\/wp-content\/uploads\/2019\/10\/Deliberao_n09-2019_-_CBHI_-_Admisso_de_conflito_Ponto_Novo_Pedras_Altas.pdf\" target=\"_blank\" rel=\"noreferrer noopener\" aria-label=\"009\/2019 (abre numa nova aba)\">009\/2019<\/a><\/td><td>Delibera a instaura\u00e7\u00e3o do Processo de Resolu\u00e7\u00e3o de Conflitos N\u00ba 01\/2019.<\/td><\/tr><tr><td>Delibera\u00e7\u00e3o<\/td><td><a href=\"https:\/\/gema.univasf.edu.br\/wp-content\/uploads\/2019\/10\/Deliberao_n08-2019_-_CBHI_-_Resoluo_de_conflitos.pdf\" target=\"_blank\" rel=\"noreferrer noopener\" aria-label=\"008\/2019 (abre numa nova aba)\">008\/2019<\/a><\/td><td>Institui os procedimentos para resolu\u00e7\u00e3o de conflitos pelo CBHI.<\/td><\/tr><tr><td>Delibera\u00e7\u00e3o<\/td><td><a href=\"https:\/\/gema.univasf.edu.br\/wp-content\/uploads\/2019\/10\/Deliberao_n07-2019_-_CBHI_-_Suspenso_da_Cavao_de_Poos_no_entorno_da_Serra_da_Jacobina.pdf\" target=\"_blank\" rel=\"noreferrer noopener\" aria-label=\"007\/2019 (abre numa nova aba)\">007\/2019<\/a><\/td><td>Delibera a suspens\u00e3o da perfura\u00e7\u00e3o de po\u00e7os nas \u00e1reas de nascentes das Serras de Jacobina.<\/td><\/tr><tr><td>Delibera\u00e7\u00e3o<\/td><td><a href=\"https:\/\/gema.univasf.edu.br\/wp-content\/uploads\/2019\/10\/Deliberao_n06-2019_-_CBHI_-_Suspenso_das_Obras_da_Adutora_Ponto_Novo_Pedras_Altas.pdf\" target=\"_blank\" rel=\"noreferrer noopener\" aria-label=\"006\/2019 (abre numa nova aba)\">006\/2019<\/a><\/td><td>Delibera a suspens\u00e3o das obras da adutora de \u00e1gua Ponto Novo para Pedras Altas.<\/td><\/tr><tr><td>Delibera\u00e7\u00e3o<\/td><td><a href=\"https:\/\/gema.univasf.edu.br\/wp-content\/uploads\/2019\/10\/Deliberao_n05-2019_-_CBHI_-_Delibera_sobre_Regimento_Interno_aprovado_em_Sade.pdf\" target=\"_blank\" rel=\"noreferrer noopener\" aria-label=\"005\/2019 (abre numa nova aba)\">005\/2019<\/a><\/td><td>Delibera sobre aprova\u00e7\u00e3o do Regimento Interno na reg\u00eancia das C\u00e2maras T\u00e9cnicas do CBHI.<\/td><\/tr><tr><td>Delibera\u00e7\u00e3o<\/td><td><a href=\"https:\/\/gema.univasf.edu.br\/wp-content\/uploads\/2019\/10\/Deliberao_n04-2019_-_CBHI_-_Delibera_sobre_Responsveis_por_aes_no_Rio_Itapicuru_em_Nordestina.pdf\" target=\"_blank\" rel=\"noreferrer noopener\" aria-label=\"004\/2019 (abre numa nova aba)\">004\/2019<\/a><\/td><td>Delibera que o CONERH, INEMA e a Prefeitura de Nordestina exer\u00e7am seu papel de cadastro, planejamento, outorga e fiscaliza\u00e7\u00e3o em barramentos e capta\u00e7\u00f5es no Rio Itapicuru, no munic\u00edpio.<\/td><\/tr><tr><td>Delibera\u00e7\u00e3o<\/td><td><a href=\"https:\/\/gema.univasf.edu.br\/wp-content\/uploads\/2019\/10\/Deliberao_n03-2019_-_CBHI-_Delibera_sobre_a_Reviso_da_Outorga_da_gua_da_BRIO_GOLD.pdf\" target=\"_blank\" rel=\"noreferrer noopener\" aria-label=\"003\/2019 (abre numa nova aba)\">003\/2019<\/a><\/td><td>Delibera que o CONERH, INEMA e SEMA realizem revis\u00e3o da outorga de \u00e1gua \u00e0 SANTALUZ DESENVOLVIMENTO MINERAL (BRIO GOLD).<\/td><\/tr><tr><td>Delibera\u00e7\u00e3o<\/td><td><a href=\"https:\/\/gema.univasf.edu.br\/wp-content\/uploads\/2019\/10\/Deliberao_n02-2019_-_CBHI_-_Define_data_da_41_Plenria_Extraordinria.pdf\" target=\"_blank\" rel=\"noreferrer noopener\" aria-label=\"002\/2019 (abre numa nova aba)\">002\/2019<\/a><\/td><td>Define data da 41\u00aa Reuni\u00e3o Extraordin\u00e1ria do CBHI.<\/td><\/tr><tr><td>Delibera\u00e7\u00e3o<\/td><td><a href=\"https:\/\/gema.univasf.edu.br\/wp-content\/uploads\/2019\/10\/Deliberao_n01-2019_-_CBHI_-_Cronograma_de_Reunies_2019.pdf\" target=\"_blank\" rel=\"noreferrer noopener\" aria-label=\"001\/2019 (abre numa nova aba)\">001\/2019<\/a><\/td><td>Define cronograma de reuni\u00f5es ordin\u00e1rias do CBHI.<\/td><\/tr><tr><td>Mo\u00e7\u00e3o<\/td><td><a href=\"https:\/\/gema.univasf.edu.br\/wp-content\/uploads\/2019\/11\/Moo_de_Recomendao_n_01-_2018_de_28_de_Maro_de_2018_-_CBH_ITAPICURU.pdf\" target=\"_blank\" rel=\"noreferrer noopener\" aria-label=\"001\/2018 (abre numa nova aba)\">001\/2018<\/a><\/td><td> Recomenda que pequenos usu\u00e1rios dos setores de irriga\u00e7\u00e3o e uso agropecu\u00e1rio, turismo e piscicultura\/pesca sejam equiparados aos membros da Sociedade Civil para fins de custeio de despesas para participar de reuni\u00f5es dos Comit\u00eas de Bacia Hidrogr\u00e1ficas da Bahia e de suas C\u00e2maras T\u00e9cnicas e solicita publica\u00e7\u00e3o deste ato em jornal impresso de circula\u00e7\u00e3o estadual.  <\/td><\/tr><tr><td>Delibera\u00e7\u00e3o<\/td><td><a href=\"https:\/\/gema.univasf.edu.br\/wp-content\/uploads\/2019\/10\/Deliberao_n04_de_1_de_agosto_de_2017_-_CBH_Itapicuru_-_Desligamento_de_Genilda_Rodrigues.pdf\" target=\"_blank\" rel=\"noreferrer noopener\" aria-label=\"004\/2017 (abre numa nova aba)\">004\/2017<\/a><\/td><td>Desliga do CBHI a Sra Genilda Rodrigues Pereira, suplente do Sr Sinvaldo Lago de Miranda, e convoca como suplente o Sr Gildasio Gomes da Silva.<\/td><\/tr><tr><td> Delibera\u00e7\u00e3o <\/td><td> <a rel=\"noreferrer noopener\" href=\"https:\/\/gema.univasf.edu.br\/wp-content\/uploads\/2019\/10\/Deliberao_n03_de_1_de_agosto_de_2017_-_CBH_Itapicuru_-_Desligamento_de_Elivandro_S._de_Lima.pdf\" target=\"_blank\">003\/2017<\/a> <\/td><td> Desliga do CBHI o Sr Elivandro S. de Lima , representante da Ponto Novo Floricultura, em raz\u00e3o de mais de 3 faltas as reuni\u00f5es sem justificativa. <\/td><\/tr><tr><td>Mo\u00e7\u00e3o<\/td><td><a href=\"https:\/\/gema.univasf.edu.br\/wp-content\/uploads\/2019\/11\/Moo_de_recomendao_n_03-2017_-_05_de_setembro_de_2017_-_CBH_ITAPICURU.pdf\" target=\"_blank\" rel=\"noreferrer noopener\" aria-label=\"003\/2017 (abre numa nova aba)\">003\/2017<\/a><\/td><td> Recomenda ao CONERH \u00e0 CERB e \u00e0 SIRH que a vaz\u00e3o de defl\u00favio da Barragem de Ponto Novo seja mantida em valores suficientes para permitir o abastecimento humano e a dessedenta\u00e7\u00e3o animal das comunidades situadas entre Ponto Novo e a Barragem da Leste, em Queimadas.<\/td><\/tr><tr><td>Delibera\u00e7\u00e3o<\/td><td><a href=\"https:\/\/gema.univasf.edu.br\/wp-content\/uploads\/2019\/10\/Deliberao_n02_de_1_de_agosto_de_2017_-_CBH_Itapicuru_-_Substituio_de_Andr_Luiz_Coelho_Matos.pdf\" target=\"_blank\" rel=\"noreferrer noopener\" aria-label=\" (abre numa nova aba)\">002\/2017<\/a><\/td><td>Nomeia o  representante da Associa\u00e7\u00e3o Comunit\u00e1ria dos Produtores da Sapucaia Sr Antonio dos Santos Filho, como membro titular do CBHI em substitui\u00e7\u00e3o ao Sr Andr\u00e9 Luis Coelho Matos, representante do Movimento Ambientalista de Itapicuru.<\/td><\/tr><tr><td>Mo\u00e7\u00e3o<\/td><td><a href=\"https:\/\/gema.univasf.edu.br\/wp-content\/uploads\/2019\/11\/Moo_de_recomendao_n02-2017_-_11_de_agosto_de_2017_-_CBH_ITAPICURU.pdf\" target=\"_blank\" rel=\"noreferrer noopener\" aria-label=\"002\/2017 (abre numa nova aba)\">002\/2017<\/a><\/td><td> Recomenda ao CONERH que o INEMA e Prefeitura de Nordestina exer\u00e7am seu papel de respons\u00e1veis pelo cadastro, planejamento, outorga e fiscaliza\u00e7\u00e3o em todos os barramentos e capta\u00e7\u00f5es existentes no Rio Itapicuru no munic\u00edpio de Nordestina.<\/td><\/tr><tr><td>Delibera\u00e7\u00e3o<\/td><td><a href=\"https:\/\/gema.univasf.edu.br\/wp-content\/uploads\/2019\/10\/Deliberao_n01_de_1_de_agosto_de_2017_-_CBH_Itapicuru_-_Desligamento_de_membros_faltantes.pdf\" target=\"_blank\" rel=\"noreferrer noopener\" aria-label=\"001\/2017 (abre numa nova aba)\">001\/2017<\/a><\/td><td> Desliga do Comit\u00ea os membros que faltaram sem justificativas.  <\/td><\/tr><tr><td>Mo\u00e7\u00e3o<\/td><td><a href=\"https:\/\/gema.univasf.edu.br\/wp-content\/uploads\/2019\/11\/Moo_de_recomendao_n01de_11_de_agosto_de_2017_-_CBH_ITAPICURU.pdf\" target=\"_blank\" rel=\"noreferrer noopener\" aria-label=\"001\/2017 (abre numa nova aba)\">001\/2017<\/a><\/td><td> Recomenda ao CONERH, INEMA e SEMA revis\u00e3o da outorga de \u00e1gua \u00e0 SANTALUZ DESENVOLVIMENTO MINERAL (BRIO GOLD) e que nas outorgas de \u00e1gua no M\u00e9dio Itapicuru seja considerado que neste trecho o rio \u00e9 intermitente.<\/td><\/tr><tr><td>Delibera\u00e7\u00e3o<\/td><td><a href=\"https:\/\/gema.univasf.edu.br\/wp-content\/uploads\/2019\/10\/2016_Deliberao_n_002_-_2016_-_CBH_ITAPICURU_-_Composio_dos_Membros_das_Cmaras_Tcnicas.pdf\" target=\"_blank\" rel=\"noreferrer noopener\" aria-label=\"002\/2016 (abre numa nova aba)\">002\/2016<\/a><\/td><td> Define a composi\u00e7\u00e3o dos membros das C\u00e2maras T\u00e9cnicas do CBHI.<\/td><\/tr><tr><td>Delibera\u00e7\u00e3o<\/td><td><a href=\"https:\/\/gema.univasf.edu.br\/wp-content\/uploads\/2019\/10\/2016_Deliberao_n001-2016_-_CBH_ITAPICURU_-_Composio_dos_Membros_das_Cmaras_Tcnicas.pdf\" target=\"_blank\" rel=\"noreferrer noopener\" aria-label=\"001\/2016 (abre numa nova aba)\">001\/2016<\/a><\/td><td> Define a composi\u00e7\u00e3o dos membros das C\u00e2maras T\u00e9cnicas do CBHI.<\/td><\/tr><tr><td>Delibera\u00e7\u00e3o<\/td><td><a href=\"https:\/\/gema.univasf.edu.br\/wp-content\/uploads\/2019\/10\/2014_Deliberao_-_N_02_de_08_de_agosto_de_2014_-_CBH_Itapicuru_-_Criao_da_Cmara_Tcnica_de_Planos_Programas_e_Projetos_compressed-1.pdf\" target=\"_blank\" rel=\"noreferrer noopener\" aria-label=\"002\/2014 (abre numa nova aba)\">002\/2014<\/a><\/td><td>Cria a C\u00e2mara T\u00e9cnica de Planos, Programas e Projetos (CTPPP), sua composi\u00e7\u00e3o e disposi\u00e7\u00f5es para funcionamento.<\/td><\/tr><\/tbody><\/table>\n","protected":false},"excerpt":{"rendered":"<p>Mo\u00e7\u00f5es e Delibera\u00e7\u00f5es s\u00e3o as formas como o CBHI comunica suas decis\u00f5es. &#8230;. (AJUDA NO TEXTO) descrever um pouco mais sobre o que a ANA e o INEMA colocam sobre &hellip; <a class=\"readmore\" href=\"https:\/\/gema.univasf.edu.br\/?page_id=457\">Continue Reading &rarr;<\/a><\/p>\n","protected":false},"author":1,"featured_media":0,"parent":0,"menu_order":0,"comment_status":"closed","ping_status":"closed","template":"","meta":{"jetpack_post_was_ever_published":false,"footnotes":""},"jetpack_sharing_enabled":true,"jetpack_shortlink":"https:\/\/wp.me\/P8l82G-7n","_links":{"self":[{"href":"https:\/\/gema.univasf.edu.br\/index.php?rest_route=\/wp\/v2\/pages\/457"}],"collection":[{"href":"https:\/\/gema.univasf.edu.br\/index.php?rest_route=\/wp\/v2\/pages"}],"about":[{"href":"https:\/\/gema.univasf.edu.br\/index.php?rest_route=\/wp\/v2\/types\/page"}],"author":[{"embeddable":true,"href":"https:\/\/gema.univasf.edu.br\/index.php?rest_route=\/wp\/v2\/users\/1"}],"replies":[{"embeddable":true,"href":"https:\/\/gema.univasf.edu.br\/index.php?rest_route=%2Fwp%2Fv2%2Fcomments&post=457"}],"version-history":[{"count":36,"href":"https:\/\/gema.univasf.edu.br\/index.php?rest_route=\/wp\/v2\/pages\/457\/revisions"}],"predecessor-version":[{"id":596,"href":"https:\/\/gema.univasf.edu.br\/index.php?rest_route=\/wp\/v2\/pages\/457\/revisions\/596"}],"wp:attachment":[{"href":"https:\/\/gema.univasf.edu.br\/index.php?rest_route=%2Fwp%2Fv2%2Fmedia&parent=457"}],"curies":[{"name":"wp","href":"https:\/\/api.w.org\/{rel}","templated":true}]}}